et a(w) = w**3 + 10*w**2 + 6*w - 9. Let j be a(-9). What is the highest common divisor of u and j?
9
Let z be (-7)/((-189)/534) - (-6)/27. What is the highest common factor of z and 10?
10
Let h = -8 + 8. Suppose h = 2*i - 6 - 6. What is the greatest common factor of i and 42?
6
Let f(u) = u**3 + 3*u**2 - u. Let n = -2 - 1. Let j be f(n). Suppose 0 = 2*m + m - j*x - 129, 5*m + 3*x = 231. What is the highest common divisor of m and 30?
15
Suppose -3*k - 2*m = -26, -2*k + 5 = 2*m - 13. What is the greatest common divisor of k and 2?
2
Let t = 11 + 23. What is the greatest common factor of 85 and t?
17
Let i(k) = k**3 + 4*k**2 - 8*k - 3. Suppose 3*t = 4*t + 5. Let c be i(t). What is the highest common factor of c and 12?
12
Suppose -11 = -5*b + 19. Let i(g) = g**2 + 6*g + 2. Let r be i(-7). Calculate the greatest common factor of b and r.
3
Let h be (-26)/6 + 4/(-6). Let g be 2 + h/(10/(-6)). Calculate the highest common factor of 40 and g.
5
Suppose 0*x = -x + 24. Calculate the greatest common divisor of 6 and x.
6
Suppose 5*t + 164 = -3*x + 50, -2*t - 54 = -3*x. Let p = t - -42. What is the highest common factor of p and 90?
18
Let q(f) = -2*f**2 + f + 1. Let d be q(3). Let s be -7*(540/d)/3. Calculate the highest common divisor of 10 and s.
10
Let t = 31 + -51. Let x be (-3)/15 + (-104)/t. What is the greatest common factor of 5 and x?
5
Suppose -z + 3*a = -34, 3*z - 3*a = -2*z + 170. Let o = 45 - 28. Suppose -o = -3*p + 34. Calculate the highest common factor of p and z.
17
Suppose -4*p - 12 = -7*p. Let u(t) = -t**3 + 3*t**2 + 4*t + 1. Let v be u(p). Calculate the highest common divisor of 1 and v.
1
Let c(a) = -a - 1. Let r be c(5). Let f be (2/r)/((-2)/24). Calculate the greatest common factor of f and 12.
4
Suppose -5*z = -2*k - 228, 2*z - 4*k - 142 + 54 = 0. Calculate the greatest common factor of z and 115.
23
Let j(l) = -l**3 - 3*l**2 + 4*l. Let s = -6 - -2. Let d be j(s). Suppose 2*b + 3*w - 33 = d, -4*w = 4*b - b - 52. What is the highest common divisor of b and 8?
8
Let n(h) = h**2 + 12*h + 6. Let s be n(-13). What is the highest common factor of s and 95?
19
Suppose 5*c = 19 + 21. Suppose -21 = -2*g - 5. Calculate the greatest common divisor of c and g.
8
Let t = -9 - -10. Let p be t*3*(5 + -3). What is the greatest common factor of 42 and p?
6
Suppose 2*v = n + 9, 5*v = -0*n + 4*n + 24. Suppose -3*k - 7 = -v*k. Calculate the greatest common factor of 35 and k.
7
Suppose 2*a + 2*x = -0*a + 8, -11 = -3*a - 4*x. Suppose -a*u = -0*u + 5. Let f be 1/((-2)/(-23 - u)). What is the greatest common divisor of 1 and f?
1
Let x(f) = -2*f + 2. Let n be x(1). Suppose 4*v + n*v = 736. What is the highest common factor of 23 and v?
23
Let m(i) = i**2 + 5*i - 9. Let j be m(-7). What is the greatest common divisor of 10 and j?
5
Suppose 2*n + 8 = 3*p + 2*p, -4*p = 5*n + 20. Suppose 5*k - 27 - 8 = p. What is the greatest common factor of k and 14?
7
Let g(l) = -l**2 - 9*l + 9. Let m = -9 - -1. Let a be g(m). Calculate the greatest common divisor of a and 68.
17
Suppose 0 = 5*l + 5*q - 145, 4*l + 5*q = 2*q + 111. Calculate the greatest common factor of 24 and l.
24
Let p(g) = -4*g**2 + 8*g + 2. Let v(i) = -5*i**2 + 9*i + 1. Let j(h) = -4*p(h) + 3*v(h). Let w be j(7). Calculate the greatest common factor of 63 and w.
9
Let t be -51*(28/(-6) - -4). Calculate the highest common divisor of t and 170.
34
Suppose 2*o - 25 - 3 = 0. Suppose -2*l - 122 = -w, -5*l = -3*w + 365 + 3. Calculate the highest common divisor of o and w.
14
Suppose -3*a - 3*a + 54 = 0. Suppose -2*b = -r + 43, 4*r = 4*b - 122 + 298. What is the highest common divisor of a and r?
9
Let o(b) = 3*b - 11. Let y(a) = a**2 - 3*a - 1. Let n be y(5). Let l be o(n). Calculate the highest common divisor of l and 4.
4
Let o be 2/3*-1*-3. Let j be (1 - o)*(0 - -219). Let c = -67 - j. Calculate the greatest common factor of c and 19.
19
Let q be (-104)/(-3)*9/6. Calculate the greatest common factor of q and 13.
13
Let v = 0 - -3. Let i = -12 + 39. What is the greatest common divisor of v and i?
3
Suppose -2*d = -2 - 28. Calculate the highest common divisor of d and 105.
15
Let n be (4 - 2)/((-4)/(-72)). Calculate the highest common divisor of 9 and n.
9
Let b = 2 + 1. What is the greatest common divisor of b and 15?
3
Suppose -22*a - 133 = -29*a. What is the highest common factor of 76 and a?
19
Let y be 8/36 - 32/(-18). Suppose -4*z + y*g + 4 = z, -z + 5*g = 13. Let k = -9 + 11. Calculate the highest common factor of k and z.
2
Suppose 5*w - 28 = -2*w. What is the greatest common divisor of 8 and w?
4
Let n = -113 - -253. Let i(a) = -a**2 - 9*a - 6. Let r be i(-5). Calculate the highest common divisor of r and n.
14
Suppose 4*a - o = 19, 0*a + a + 3*o = -5. Let z be 6/8 - (-153)/a. Calculate the greatest common divisor of z and 26.
13
Let g be (-4 - 85/(-15))/(3/504). What is the highest common divisor of g and 40?
40
Suppose l - 29 = -2*d, 2*d + 2*d + l = 57. What is the highest common factor of 7 and d?
7
Let j = 52 - -628. Suppose -j = 2*a - 6*a. What is the highest common factor of a and 17?
17
Let y(m) = 2*m - 5. Let z(c) = -1. Let x(d) = y(d) - 6*z(d). Let l be x(3). What is the highest common divisor of 56 and l?
7
Suppose 5*o - 21 = -m, 0 = o + 2*m - 0*m - 6. What is the highest common factor of o and 14?
2
Let h(f) = f**3 - 12*f**2 - 16*f + 42. Let y be h(13). Calculate the highest common divisor of y and 3.
3
Let l = -15 + 20. Calculate the highest common factor of 1 and l.
1
Let h be 22 + -3 - (-3 + 5). Let v(p) = 8*p**2 + 2. Let i be v(2). What is the highest common divisor of i and h?
17
Suppose b = 2*l + 4, 5*b - 2 = -3*l - 8. Let k be (b + 3/9)*33. Let w = 22 - k. What is the greatest common factor of 1 and w?
1
Let u = -347 + 491. What is the greatest common divisor of 36 and u?
36
Suppose 7 = -5*c + 142. Let a(w) be the first derivative of -w**4/4 + 2*w**3 + w**2 + 6*w - 2. Let d be a(6). What is the highest common divisor of d and c?
9
Let o(p) = p**2 - 7*p - 8. Suppose 5*s - 10 - 10 = 0, 0 = -2*a - s + 22. Let n be o(a). What is the greatest common factor of n and 20?
10
Let q(b) = 6*b**2 + 2*b - 2. Suppose 4*w + 5 + 3 = 0. Let f be q(w). Calculate the highest common factor of f and 12.
6
Suppose 2*f + 10 - 94 = 0. Suppose -2*y = -0*y - 126. Calculate the greatest common factor of f and y.
21
Let q(a) = a**2 + 2*a - 1. Let x = -7 - -3. Let g be q(x). What is the greatest common divisor of 35 and g?
7
Let z be 16*1*(-20)/(-8). Suppose -2*r + z = -0*r. Calculate the greatest common factor of 10 and r.
10
Let x(l) = l + 2. Let q be -6*1*5/(-15). Let s be x(q). Let d be s/(-14) + (-65)/(-7). Calculate the highest common factor of d and 27.
9
Suppose -3*u = -k - 61, 5*k - 96 = -5*u + k. Calculate the highest common factor of u and 10.
10
Suppose 4*t + 2*k = -0*t + 68, 3*t = -2*k + 51. Calculate the highest common divisor of t and 68.
17
Suppose -34 = -j + 3*q, 10*q - 5*q = 4*j - 150. Calculate the greatest common divisor of j and 10.
10
Let o(m) = m**2 + m - 3. Let j be o(4). What is the highest common factor of j and 102?
17
Let l be ((-2)/2)/((-8)/(-88)). Let w = l - -18. Calculate the highest common factor of 49 and w.
7
Suppose -4*k - 3*y + 39 = 0, -3*k + 5*y = -0*k + 7. Calculate the highest common divisor of k and 66.
6
Let q = 39 - 35. Calculate the greatest common factor of q and 40.
4
Suppose 4*u + 3 = -1. Let b be 2*(-2)/4 + u. Let f be (2/2)/(b/(-60)). Calculate the greatest common divisor of 75 and f.
15
Suppose -9*j + 10*j = 170. Calculate the highest common divisor of 34 and j.
34
Let o(n) = -2*n**2 - 22*n - 29. Let f be o(-9). Let i(t) = -31*t + 1. Let j be i(-2). Calculate the greatest common divisor of f and j.
7
Let l(i) = -11*i + 4. Let r be l(-6). Suppose 0 = -0*v - v + r. Calculate the greatest common factor of 10 and v.
10
Let w(h) be the third derivative of h**5/60 - 7*h**4/24 + 7*h**3/6 - 3*h**2. Let m be w(6). What is the highest common factor of 11 and m?
1
Let z = 41 + -29. Suppose 3*v - 300 = 7*v. Let n = -15 - v. What is the greatest common divisor of n and z?
12
Let r = 15 - 5. What is the highest common factor of r and 10?
10
Suppose 3*v - 25 = -2*v. Let i be v/(-2*(-1)/6). Let n(a) = 2*a - 3. Let r be n(4). Calculate the greatest common factor of 